1. Determine f(-5).
-6
Let c(w) = -2*w**3 - 18*w**2 + 2*w + 21. Give c(-9).
3
Let w(i) = -17*i**2 - 4*i - 2. Give w(-2).
-62
Let f(r) = -r**3 - 36*r**2 + 3*r + 114. Give f(-36).
6
Let c(r) = 2*r**2 - 18*r - 35. Give c(-2).
9
Let x(i) = -2*i**2 + 10*i - 7. Give x(4).
1
Let p(a) = a**3 + 31*a**2 + 106*a - 55. Calculate p(-27).
-1
Let j(m) = 2*m**2 + 20*m + 20. What is j(-8)?
-12
Let l(a) = a**3 + 3*a**2 - 8*a + 8. Give l(-6).
-52
Let j(z) = z**2 - 4*z + 2. Calculate j(4).
2
Let b(o) = o**3 - 8*o**2 - 10*o + 6. Calculate b(9).
-3
Let i(x) = 3*x**2 + 46*x - 34. Calculate i(-16).
-2
Let y(r) = r**2 + 8*r - 20. Determine y(-16).
108
Let t(y) = y**2 + 12*y - 8. Determine t(-18).
100
Let n(j) = 4*j**3 - 26*j**2 + 14*j - 20. Calculate n(6).
-8
Let v(u) = u - 37. Give v(12).
-25
Let m(d) = -5*d - 5. Give m(4).
-25
Let i(o) = 3*o**3 - 3*o**2 - 5*o - 4. Calculate i(-1).
-5
Let h(b) = -b**2 - 5*b + 1. Calculate h(-5).
1
Let i(p) = -p - 17. What is i(5)?
-22
Let t(c) = -c**2 - 16*c + 32. Determine t(-18).
-4
Let z(j) = -63*j + 375. Give z(6).
-3
Let m(l) = -2*l**3 - 11*l**2 + 5*l - 7. Calculate m(-6).
-1
Let s(u) = -u**2 - 6*u + 3. Give s(-6).
3
Let n(i) = -34*i - 1405. Determine n(-41).
-11
Let n(d) = -d**2 + d + 13. What is n(0)?
13
Let c(o) = o**3 + o**2 - 13. Give c(0).
-13
Let q(b) = 5*b + 75. Give q(-9).
30
Let u(t) = 6*t**2 + 19*t + 7. Give u(-3).
4
Let q(c) = 11*c**2 + 4*c - 6. Determine q(3).
105
Let k(s) = s + 4. Determine k(6).
10
Let f(w) = w**2 + 6*w + 3. Determine f(-5).
-2
Let r(l) = -l**2 - 15*l - 4. What is r(-15)?
-4
Let j(c) = -c**2 + 16*c - 60. Give j(8).
4
Let g(i) = -5*i - 42. Calculate g(-5).
-17
Let j(c) = 3*c - 4. Calculate j(0).
-4
Let f(p) = p**3 + 7*p**2 + 4*p - 3. Give f(-6).
9
Let u(o) = -o + 137. Determine u(0).
137
Let f(z) = z. What is f(-2)?
-2
Let m(h) = -h**3 - 5*h**2 + 4*h - 14. Calculate m(-6).
-2
Let f(b) = b**3 - 5*b**2 - 16*b + 23. What is f(7)?
9
Let c(j) = j**3 + 4*j**2 - j - 5. Give c(-3).
7
Let z(b) = -6*b + 82. Determine z(11).
16
Let b(c) = c**2 - c - 4. What is b(-2)?
2
Let f(a) = 2*a**2 - 5*a + 7. Determine f(1).
4
Let s(c) = 38*c**2 + 2*c + 1. What is s(-1)?
37
Let r(h) = -h**2 + 29*h - 88. What is r(25)?
12
Let m(v) = 68*v - 3. Determine m(-2).
-139
Let w(j) = -2*j**2 - 2*j + 4. What is w(-3)?
-8
Let l(s) = -45*s**3 - 2*s**2 - s. Give l(-1).
44
Let k(u) = -u**3 - 8*u**2 - 4*u + 16. Determine k(-7).
-5
Let o(c) = c**2 - 27*c + 171. Calculate o(9).
9
Let g(a) = 2*a - 44. What is g(21)?
-2
Let g(i) = 2*i**3 - 4*i - 3. Calculate g(-2).
-11
Let b(k) = k**3 - 9*k**2 + 6*k + 15. What is b(8)?
-1
Let w(s) = -s**3 + 3*s**2 + s. Determine w(-2).
18
Let f(d) = -d**2 + 13*d - 5. What is f(12)?
7
Let u(c) = -c**3 + 4*c**2 + 5*c + 4. Calculate u(3).
28
Let d(r) = r**2 + 3*r - 412. Determine d(19).
6
Let h(f) = -2*f + 3. What is h(-5)?
13
Let b(i) = i**3 + 4*i**2 + 6*i + 8. Determine b(-4).
-16
Let f(w) = -w**2 - 9*w - 22. Calculate f(-7).
-8
Let o(l) = l**2 + 20*l - 15. Determine o(-21).
6
Let x(v) = 2*v**3 + 4*v**2 + 4. Calculate x(-2).
4
Let a(u) = -u**2 - 3*u + 18. Give a(3).
0
Let y(o) = 3*o + 12. What is y(-4)?
0
Let l(s) = s + 6. What is l(-14)?
-8
Let v(a) = 13*a + 3. Give v(1).
16
Let u(m) = -m**3 + 22*m**2 + 23*m + 5. Determine u(23).
5
Let m(l) = -45*l - 308. Give m(-7).
7
Let u(l) = 6*l**2 - 4*l + 6. Determine u(2).
22
Let w(z) = 4*z**2 + 75*z - 28. What is w(-19)?
-9
Let q(g) = g**2 + 3*g + 4. What is q(-4)?
8
Let m(c) = -c**3 - 15*c**2 - 49*c + 9. Determine m(-10).
-1
Let o(x) = 4*x - 7. Determine o(3).
5
Let v(o) = o**3 - 6*o**2 - 5*o - 20. Determine v(7).
-6
Let p(d) = 2*d - 1. Give p(-8).
-17
Let r(q) = 2*q**3 - 17*q**2 - 9*q + 15. Give r(9).
15
Let g(y) = -19*y - 161. What is g(-9)?
10
Let q(m) = -m**3 + 7*m**2 + 8. What is q(7)?
8
Let t(f) = f**2 - 14*f - 29. Give t(-2).
3
Let y(f) = 3*f - 6. What is y(-4)?
-18
Let s(y) = y**3 - 4*y**2 - 11*y + 19. Determine s(6).
25
Let a(c) = -c**2 - 8*c + 17. Calculate a(3).
-16
Let u(o) = 20*o - 19. Calculate u(1).
1
Let x(s) = -s**3 - 4*s**2 + 11*s + 2. What is x(-6)?
8
Let d(x) = -x**3 - 11*x**2 + 28*x + 25. What is d(-13)?
-1
Let i(t) = t**3 - t**2 - t - 23. Calculate i(0).
-23
Let q(u) = 3*u**2 - 131*u - 43. Calculate q(44).
1
Let k(u) = -u - 7. What is k(2)?
-9
Let z(r) = -24*r - 5. Calculate z(2).
-53
Let v(c) = 3*c**3 - 26*c**2 + 13*c + 23. Calculate v(8).
-1
Let f(s) = -s**3 - 7*s**2 + 18*s + 5. What is f(-9)?
5
Let f(a) = a**3 - 4*a**2 + 4*a - 6. Determine f(5).
39
Let q(s) = -12*s + 81. Determine q(5).
21
Let j(d) = -2*d**2 - 10*d - 15. Calculate j(-2).
-3
Let t(i) = -193*i + 586. What is t(3)?
7
Let k(w) = -w**3 - 3*w**2 + 12*w. What is k(-5)?
-10
Let u(r) = 2*r - 6. What is u(13)?
20
Let k(o) = o**3 - 6*o**2 - 3*o - 8. Calculate k(7).
20
Let b(i) = -8*i - 4. Determine b(-2).
12
Let n(i) = -i**2 - 6*i - 1. Determine n(-4).
7
Let c(r) = -r**3 - 11*r**2 + r - 26. What is c(-11)?
-37
Let w(p) = -7*p + 4. Calculate w(1).
-3
Let i(t) = -7*t**2 + 19*t - 1. Determine i(3).
-7
Let k(h) = 18*h + 153. What is k(-9)?
-9
Let f(t) = t**3 - 5*t**2 - 8*t + 19. Give f(6).
7
Let n(w) = w**3 + 8*w**2 - 4*w - 67. What is n(-4)?
13
Let l(w) = 2*w**2 - 37. What is l(0)?
-37
Let a(w) = -15*w - 1. Give a(-3).
44
Let k(m) = -m**3 - m**2 + 3*m - 5. Determine k(0).
-5
Let j(w) = 4*w - 20. Calculate j(7).
8
Let v(h) = h**3 + h**2 - h - 8. Determine v(-3).
-23
Let r(k) = -13*k. Calculate r(-3).
39
Let u(p) = p + 16. Give u(-14).
2
Let p(q) = 11*q**2 + 5*q - 4. Determine p(1).
12
Let r(x) = -2*x - 2. Give r(8).
-18
Let g(s) = -2*s**3 - s**2 + 7*s + 8. What is g(-2)?
6
Let k(n) = -n**3 - 4*n**2 + 11*n - 10. What is k(-6)?
-4
Let k(o) = o**2 - 7*o + 12. What is k(6)?
6
Let k(q) = q**3 - 6*q**2 - 3. Give k(3).
-30
Let l(s) = s**3 + 9*s**2 + 7*s - 1. What is l(-8)?
7
Let q(z) = -2*z + 2. What is q(-1)?
4
Let w(r) = 4*r - 69. Determine w(20).
11
Let q(x) = 4*x + 11. Calculate q(-9).
-25
Let g(p) = p**3 + p**2 - 7*p + 3. Give g(-3).
6
Let k(d) = -d**3 + 4*d**2 + d - 7. Determine k(3).
5
Let h(l) = -l**3 - 10*l**2 - 2*l - 6. Calculate h(-10).
14
Let v(y) = 2*y + 1. Calculate v(3).
7
Let z(t) = -2*t**2 - 2*t + 3. What is z(-2)?
-1
Let u(h) = h - 1. Calculate u(4).
3
Let c(j) = -j**3 - 8*j**2 - 13*j - 5. What is c(-6)?
1
Let x(g) = g**3 + 9*g**2 - 10*g - 13. Give x(-10).
-13
Let q(n) = 4*n**3 + n**2 - n + 2. Calculate q(-2).
-24
Let w(s) = -s**3 - 10*s**2 + 11*s + 11. Determine w(-11).
11
Let q(k) = 2*k**3 + 36*k**2 + 32*k - 40. Calculate q(-17).
-6
Let f(b) = 3*b - 13. What is f(4)?
-1
Let j(g) = 14*g + 164. Give j(-12).
-4
Let r(a) = 22*a - 15. Determine r(4).
73
Let p(b) = -8*b + 5. Determine p(-12).
101
Let x(z) = z**3 + 10*z**2 + 12*z - 12. What is x(-5)?
53
Let c(p) = -p**3 - 19*p**2 - 49*p - 11. Calculate c(-16).
5
Let b(w) = 5*w + 141. What is b(-27)?
6
Let d(q) = 14*q**3 - 2*q**2 - 3*q - 2. Calculate d(-1).
-15
Let j(q) = 7*q + 1. Determine j(-1).
-6
Let w(b) = 8*b**2 - 2*b + 1. Calculate w(-4).
137
Let v(j) = -72*j + 64. Determine v(1).
-8
Let l(y) = 4*y + 54. What is l(-12)?
6
Let y(c) = 5*c - 10. What is y(3)?
5
Let s(h) = 3*h - 31. Give s(16).
17
Let u(q) = q**2 + 60*q + 463. Calculate u(-51).
4
Let l(a) = 7*a - 42. Calculate l(7).
7
Let t(h) = -h**2 + 6*h + 6. Determine t(8).
-10
Let q(j) = -j**2 - 16*j + 31. What is q(-18)?
-5
Let g(n) = 4*n**2 + 73*n + 16. Give g(-18).
-2
Let n(s) = -3*s**3 + 9*s**2 - 2*s - 6. Give n(3).
-12
Let n(w) = -3*w + 9. Give n(-5).
24
Let w(b) = -b**3 + 5*b**2 - 6*b - 3. What is w(3)?
-3
Let d(g) = -3*g + 13. Determine d(3).
4
Let v(x) = -x - 4. Determine v(-2).
-2
Let i(l) = -2*l**2 + 12*l + 1. Give i(7).
-13
Let u(d) = -2*d**2 - 3*d + 4. Calculate u(-3).
-5
Let v(b) = b**3 - 9*b**2 + 9*b + 1. Calculate v(8).
9
Let c(r) = -14*r + 3. Calculate c(3).
-39
Let a(l) = -2*l**2 + 21*l + 647. What is a(24)?
-1
Let g(t) = t**3 + 7*t**2 + 22*t + 66. Give g(-5).
6
Let u(f) = -4*f**2 + 13*f - 29. Calculate u(5).
-64
Let n(o) = 17*o**2 + o. Calculate n(-1).
16
Let z(f) = -f**3 - 12*f**2 - 11. Give z(-12).
-11
Let x(h) = 10*h + 44. Give x(-5).
-6
Let b(d) = -7*d**2 + 2*d + 2. What is b(2)?
-22
Let w(j) = j**2 - 8*j + 28. Calculate w(5).
13
Let d(l) = 2*l**3 + 2*l**2 + 3*l. Determine d(-3).
-45
Let u(g) = -14*g + 19. Determine u(6).
-65
Let u(b) = 2*b + 6. Cal